{"id":205,"date":"2025-02-06T12:57:20","date_gmt":"2025-02-06T12:57:20","guid":{"rendered":"https:\/\/www.faithandlight.org.za\/stmartins\/?page_id=205"},"modified":"2025-02-06T13:06:31","modified_gmt":"2025-02-06T13:06:31","slug":"our-history","status":"publish","type":"page","link":"https:\/\/www.faithandlight.org.za\/stmartins\/our-history\/","title":{"rendered":"Our history"},"content":{"rendered":"\t\t<div data-elementor-type=\"wp-page\" data-elementor-id=\"205\" class=\"elementor elementor-205\" data-elementor-settings=\"{&quot;ha_cmc_init_switcher&quot;:&quot;no&quot;}\">\n\t\t\t\t<div class=\"elementor-element elementor-element-e582176 e-con-full e-flex e-con e-parent\" data-id=\"e582176\" data-element_type=\"container\" data-e-type=\"container\" data-settings=\"{&quot;background_background&quot;:&quot;classic&quot;,&quot;_ha_eqh_enable&quot;:false}\">\n\t\t\t\t<div class=\"elementor-element elementor-element-e9bf65c elementor-widget elementor-widget-heading\" data-id=\"e9bf65c\" data-element_type=\"widget\" data-e-type=\"widget\" data-widget_type=\"heading.default\">\n\t\t\t\t<div class=\"elementor-widget-container\">\n\t\t\t\t\t<h2 class=\"elementor-heading-title elementor-size-default\">Our history\n<\/h2>\t\t\t\t<\/div>\n\t\t\t\t<\/div>\n\t\t\t\t<\/div>\n\t\t<div class=\"elementor-element elementor-element-db8d57e e-con-full e-flex e-con e-parent\" data-id=\"db8d57e\" data-element_type=\"container\" data-e-type=\"container\" data-settings=\"{&quot;_ha_eqh_enable&quot;:false}\">\n\t\t\t\t<div class=\"elementor-element elementor-element-24c5b75 elementor-widget elementor-widget-image\" data-id=\"24c5b75\" data-element_type=\"widget\" data-e-type=\"widget\" data-widget_type=\"image.default\">\n\t\t\t\t<div class=\"elementor-widget-container\">\n\t\t\t\t\t\t\t\t\t\t\t\t\t\t\t<img fetchpriority=\"high\" decoding=\"async\" width=\"768\" height=\"350\" src=\"https:\/\/www.faithandlight.org.za\/stmartins\/wp-content\/uploads\/2025\/02\/image_large.png\" class=\"attachment-full size-full wp-image-207\" alt=\"\" srcset=\"https:\/\/www.faithandlight.org.za\/stmartins\/wp-content\/uploads\/2025\/02\/image_large.png 768w, https:\/\/www.faithandlight.org.za\/stmartins\/wp-content\/uploads\/2025\/02\/image_large-300x137.png 300w\" sizes=\"(max-width: 768px) 100vw, 768px\" \/>\t\t\t\t\t\t\t\t\t\t\t\t\t\t\t<\/div>\n\t\t\t\t<\/div>\n\t\t\t\t<\/div>\n\t\t<div class=\"elementor-element elementor-element-1875f97 e-con-full e-flex e-con e-parent\" data-id=\"1875f97\" data-element_type=\"container\" data-e-type=\"container\" data-settings=\"{&quot;_ha_eqh_enable&quot;:false}\">\n\t\t\t\t<div class=\"elementor-element elementor-element-874718b elementor-widget elementor-widget-text-editor\" data-id=\"874718b\" data-element_type=\"widget\" data-e-type=\"widget\" data-widget_type=\"text-editor.default\">\n\t\t\t\t<div class=\"elementor-widget-container\">\n\t\t\t\t\t\t\t\t\t<h5>Faith and Light was born of a desire to help people with an intellectual disability and their families find their place within the Church and society. This was the main purpose of the organized pilgrimage to Lourdes at Easter of 1971.\n<\/h5>\t\t\t\t\t\t\t\t<\/div>\n\t\t\t\t<\/div>\n\t\t\t\t<\/div>\n\t\t<div class=\"elementor-element elementor-element-b6c065e e-flex e-con-boxed e-con e-parent\" data-id=\"b6c065e\" data-element_type=\"container\" data-e-type=\"container\" data-settings=\"{&quot;_ha_eqh_enable&quot;:false}\">\n\t\t\t\t\t<div class=\"e-con-inner\">\n\t\t<div class=\"elementor-element elementor-element-ee69061 e-con-full e-flex e-con e-child\" data-id=\"ee69061\" data-element_type=\"container\" data-e-type=\"container\" data-settings=\"{&quot;_ha_eqh_enable&quot;:false}\">\n\t\t\t\t<div class=\"elementor-element elementor-element-1723039 elementor-widget elementor-widget-text-editor\" data-id=\"1723039\" data-element_type=\"widget\" data-e-type=\"widget\" data-widget_type=\"text-editor.default\">\n\t\t\t\t<div class=\"elementor-widget-container\">\n\t\t\t\t\t\t\t\t\t<p><strong>1968<\/strong>: At this period in time persons with an intellectual disability were not considered as having a place among participants in pilgrimages. People thought that they were not capable of experiencing this kind of activity and that their presence would possibly disturb other pilgrims. In response to an appeal by the parents of Thadd\u00e9e and Lo\u00efc, two children with an intellectual disability, Jean Vanier and Marie-H\u00e9l\u00e8ne Mathieu organised a pilgrimage to Lourdes with them. Three years of preparation ensued, which gave rise to strong reactions of both enthusiasm and reserve.<\/p>\t\t\t\t\t\t\t\t<\/div>\n\t\t\t\t<\/div>\n\t\t\t\t<\/div>\n\t\t<div class=\"elementor-element elementor-element-57acc88 e-con-full e-flex e-con e-child\" data-id=\"57acc88\" data-element_type=\"container\" data-e-type=\"container\" data-settings=\"{&quot;_ha_eqh_enable&quot;:false}\">\n\t\t\t\t<div class=\"elementor-element elementor-element-5e42304 elementor-widget elementor-widget-image\" data-id=\"5e42304\" data-element_type=\"widget\" data-e-type=\"widget\" data-widget_type=\"image.default\">\n\t\t\t\t<div class=\"elementor-widget-container\">\n\t\t\t\t\t\t\t\t\t\t\t\t\t\t\t<img decoding=\"async\" width=\"400\" height=\"266\" src=\"https:\/\/www.faithandlight.org.za\/stmartins\/wp-content\/uploads\/2025\/02\/image_preview.jpg\" class=\"attachment-large size-large wp-image-208\" alt=\"\" srcset=\"https:\/\/www.faithandlight.org.za\/stmartins\/wp-content\/uploads\/2025\/02\/image_preview.jpg 400w, https:\/\/www.faithandlight.org.za\/stmartins\/wp-content\/uploads\/2025\/02\/image_preview-300x200.jpg 300w\" sizes=\"(max-width: 400px) 100vw, 400px\" \/>\t\t\t\t\t\t\t\t\t\t\t\t\t\t\t<\/div>\n\t\t\t\t<\/div>\n\t\t\t\t<\/div>\n\t\t\t\t\t<\/div>\n\t\t\t\t<\/div>\n\t\t<div class=\"elementor-element elementor-element-7946f18 e-flex e-con-boxed e-con e-parent\" data-id=\"7946f18\" data-element_type=\"container\" data-e-type=\"container\" data-settings=\"{&quot;_ha_eqh_enable&quot;:false}\">\n\t\t\t\t\t<div class=\"e-con-inner\">\n\t\t<div class=\"elementor-element elementor-element-7818f75 e-con-full e-flex e-con e-child\" data-id=\"7818f75\" data-element_type=\"container\" data-e-type=\"container\" data-settings=\"{&quot;_ha_eqh_enable&quot;:false}\">\n\t\t\t\t<div class=\"elementor-element elementor-element-ba0afb7 elementor-widget elementor-widget-text-editor\" data-id=\"ba0afb7\" data-element_type=\"widget\" data-e-type=\"widget\" data-widget_type=\"text-editor.default\">\n\t\t\t\t<div class=\"elementor-widget-container\">\n\t\t\t\t\t\t\t\t\t<p><strong>1971<\/strong>: At Easter, 12 000 pilgrims from 15 countries, 4 000 of whom were persons with an intellectual disability, accompanies by the parents and friends, particularly young people, assembled again. Carried away by the experience, they wanted to continue the adventure. Jean Vanier suggested: \u201cContinue meeting together in small communities, do whatever the Holy Spirit inspires you to do\u201d. This is how Faith and Light was work, on that Easter Monday in Lourdes.<\/p>\t\t\t\t\t\t\t\t<\/div>\n\t\t\t\t<\/div>\n\t\t\t\t<\/div>\n\t\t\t\t\t<\/div>\n\t\t\t\t<\/div>\n\t\t<div class=\"elementor-element elementor-element-2e00b7c e-flex e-con-boxed e-con e-parent\" data-id=\"2e00b7c\" data-element_type=\"container\" data-e-type=\"container\" data-settings=\"{&quot;_ha_eqh_enable&quot;:false}\">\n\t\t\t\t\t<div class=\"e-con-inner\">\n\t\t<div class=\"elementor-element elementor-element-3c3ac57 e-con-full e-flex e-con e-child\" data-id=\"3c3ac57\" data-element_type=\"container\" data-e-type=\"container\" data-settings=\"{&quot;_ha_eqh_enable&quot;:false}\">\n\t\t\t\t<div class=\"elementor-element elementor-element-8f5a113 elementor-widget elementor-widget-text-editor\" data-id=\"8f5a113\" data-element_type=\"widget\" data-e-type=\"widget\" data-widget_type=\"text-editor.default\">\n\t\t\t\t<div class=\"elementor-widget-container\">\n\t\t\t\t\t\t\t\t\t<p><strong>1975<\/strong>: Paul VI welcomed Faith and Light at Saint Peter\u2019s basilica. &#8220;You are loved by God just as you are..&#8221;, \u201cYou have a chosen place in the Church\u201d. Faith and Light, which was still a very fragile seedling, received the confirmation of its vocation from the Holy Father.<\/p>\t\t\t\t\t\t\t\t<\/div>\n\t\t\t\t<\/div>\n\t\t\t\t<\/div>\n\t\t\t\t\t<\/div>\n\t\t\t\t<\/div>\n\t\t<div class=\"elementor-element elementor-element-0c219b2 e-flex e-con-boxed e-con e-parent\" data-id=\"0c219b2\" data-element_type=\"container\" data-e-type=\"container\" data-settings=\"{&quot;_ha_eqh_enable&quot;:false}\">\n\t\t\t\t\t<div class=\"e-con-inner\">\n\t\t<div class=\"elementor-element elementor-element-9e60db9 e-con-full e-flex e-con e-child\" data-id=\"9e60db9\" data-element_type=\"container\" data-e-type=\"container\" data-settings=\"{&quot;_ha_eqh_enable&quot;:false}\">\n\t\t\t\t<div class=\"elementor-element elementor-element-3296134 elementor-widget elementor-widget-text-editor\" data-id=\"3296134\" data-element_type=\"widget\" data-e-type=\"widget\" data-widget_type=\"text-editor.default\">\n\t\t\t\t<div class=\"elementor-widget-container\">\n\t\t\t\t\t\t\t\t\t<p><strong>1981<\/strong>: From <strong>23 countries<\/strong> Faith and Light communities returned to Lourdes, to give thanks to Jesus and his Mother who helped them to discover the hidden beauty inside their sister, or their brother with an intellectual disability. It is her, it is he, who can break down all the barriers of indifference, fear and selfishness.<\/p>\t\t\t\t\t\t\t\t<\/div>\n\t\t\t\t<\/div>\n\t\t\t\t<\/div>\n\t\t\t\t\t<\/div>\n\t\t\t\t<\/div>\n\t\t<div class=\"elementor-element elementor-element-55f8a9c e-flex e-con-boxed e-con e-parent\" data-id=\"55f8a9c\" data-element_type=\"container\" data-e-type=\"container\" data-settings=\"{&quot;_ha_eqh_enable&quot;:false}\">\n\t\t\t\t\t<div class=\"e-con-inner\">\n\t\t<div class=\"elementor-element elementor-element-9a31d3f e-con-full e-flex e-con e-child\" data-id=\"9a31d3f\" data-element_type=\"container\" data-e-type=\"container\" data-settings=\"{&quot;_ha_eqh_enable&quot;:false}\">\n\t\t\t\t<div class=\"elementor-element elementor-element-1e5ecfa elementor-widget elementor-widget-text-editor\" data-id=\"1e5ecfa\" data-element_type=\"widget\" data-e-type=\"widget\" data-widget_type=\"text-editor.default\">\n\t\t\t\t<div class=\"elementor-widget-container\">\n\t\t\t\t\t\t\t\t\t<p><strong>1991<\/strong>: At Easter, 13 000 pilgrims came together again in Lourdes, this time from <strong>60 countries<\/strong>. Faith and Light has become ecumenical and continues to seek more unity around the small and the weak: \u201cFather make us one\u201d. Great programmes has been achieved in taking care of and integrating people with intellectual disabilities but their lives are now threatened, before their birth and even after it. Faith and Light wishes to be present at the sides of parents who are subjected to doubts, fears and pressure.<\/p>\t\t\t\t\t\t\t\t<\/div>\n\t\t\t\t<\/div>\n\t\t\t\t<\/div>\n\t\t\t\t\t<\/div>\n\t\t\t\t<\/div>\n\t\t<div class=\"elementor-element elementor-element-d248a9a e-flex e-con-boxed e-con e-parent\" data-id=\"d248a9a\" data-element_type=\"container\" data-e-type=\"container\" data-settings=\"{&quot;_ha_eqh_enable&quot;:false}\">\n\t\t\t\t\t<div class=\"e-con-inner\">\n\t\t<div class=\"elementor-element elementor-element-2b2bcb8 e-con-full e-flex e-con e-child\" data-id=\"2b2bcb8\" data-element_type=\"container\" data-e-type=\"container\" data-settings=\"{&quot;_ha_eqh_enable&quot;:false}\">\n\t\t\t\t<div class=\"elementor-element elementor-element-5c052b4 elementor-widget elementor-widget-text-editor\" data-id=\"5c052b4\" data-element_type=\"widget\" data-e-type=\"widget\" data-widget_type=\"text-editor.default\">\n\t\t\t\t<div class=\"elementor-widget-container\">\n\t\t\t\t\t\t\t\t\t<p><strong>2001<\/strong>: In April more than 16 000 people from <strong>73 countries<\/strong> stretching across 5 continents came together in Lourdes. The theme of the pilgrimage was \u201cCome and drink at the Source\u201d in celebration of Easter. Lourdes 2001 was a great step taken in great joy and unity, showing that happiness depends first and foremost on love. Everywhere in the world, communities who were not able to make to journey to Lourdes, organised pilgrimages in union with the big international gathering.<\/p>\t\t\t\t\t\t\t\t<\/div>\n\t\t\t\t<\/div>\n\t\t\t\t<\/div>\n\t\t\t\t\t<\/div>\n\t\t\t\t<\/div>\n\t\t<div class=\"elementor-element elementor-element-7ac6041 e-flex e-con-boxed e-con e-parent\" data-id=\"7ac6041\" data-element_type=\"container\" data-e-type=\"container\" data-settings=\"{&quot;_ha_eqh_enable&quot;:false}\">\n\t\t\t\t\t<div class=\"e-con-inner\">\n\t\t<div class=\"elementor-element elementor-element-a011835 e-con-full e-flex e-con e-child\" data-id=\"a011835\" data-element_type=\"container\" data-e-type=\"container\" data-settings=\"{&quot;_ha_eqh_enable&quot;:false}\">\n\t\t\t\t<div class=\"elementor-element elementor-element-fb65824 elementor-widget elementor-widget-text-editor\" data-id=\"fb65824\" data-element_type=\"widget\" data-e-type=\"widget\" data-widget_type=\"text-editor.default\">\n\t\t\t\t<div class=\"elementor-widget-container\">\n\t\t\t\t\t\t\t\t\t<p><strong>2008<\/strong>: 200 Faith and Light coordinators and chaplains, coming from <strong>70 countries<\/strong>, met in Lourdes under the theme &#8220;Guided by the Spirit&#8221; to adopt a new Constitution and elect a team of international leaders to put it into practice. Indeed, it was a week of grace where, with one heart, the two hundred participants had but one wish: that Faith and Light would grow and shine even more in the countries where it is already present, meeting and conforting families who are still isolated, making itself known to young people and parishes.<\/p>\t\t\t\t\t\t\t\t<\/div>\n\t\t\t\t<\/div>\n\t\t\t\t<\/div>\n\t\t\t\t\t<\/div>\n\t\t\t\t<\/div>\n\t\t<div class=\"elementor-element elementor-element-628418c e-flex e-con-boxed e-con e-parent\" data-id=\"628418c\" data-element_type=\"container\" data-e-type=\"container\" data-settings=\"{&quot;_ha_eqh_enable&quot;:false}\">\n\t\t\t\t\t<div class=\"e-con-inner\">\n\t\t<div class=\"elementor-element elementor-element-9c75a19 e-con-full e-flex e-con e-child\" data-id=\"9c75a19\" data-element_type=\"container\" data-e-type=\"container\" data-settings=\"{&quot;_ha_eqh_enable&quot;:false}\">\n\t\t\t\t<div class=\"elementor-element elementor-element-f815340 elementor-widget elementor-widget-text-editor\" data-id=\"f815340\" data-element_type=\"widget\" data-e-type=\"widget\" data-widget_type=\"text-editor.default\">\n\t\t\t\t<div class=\"elementor-widget-container\">\n\t\t\t\t\t\t\t\t\t<p><strong>2011-2012<\/strong>: Faith and Light celebrated its 40th anniversary in &#8220;Messengers of Joy&#8221; by two years of pilgrimages across the world. Each province was called to invite another province to take part in its pilgrimage. Thus, there was a double movement: one of opening up, welcoming and sharing and another of discovery and celebration of the characteristics of others. A beautiful mix of people, languages and denominations but a single people of God on the move, joyfully bearing the Good News. 52 pilgrimages took place between 2011 and 2012.<\/p>\t\t\t\t\t\t\t\t<\/div>\n\t\t\t\t<\/div>\n\t\t\t\t<\/div>\n\t\t\t\t\t<\/div>\n\t\t\t\t<\/div>\n\t\t<div class=\"elementor-element elementor-element-007aed3 e-flex e-con-boxed e-con e-parent\" data-id=\"007aed3\" data-element_type=\"container\" data-e-type=\"container\" data-settings=\"{&quot;_ha_eqh_enable&quot;:false}\">\n\t\t\t\t\t<div class=\"e-con-inner\">\n\t\t<div class=\"elementor-element elementor-element-2b5a5f6 e-con-full e-flex e-con e-child\" data-id=\"2b5a5f6\" data-element_type=\"container\" data-e-type=\"container\" data-settings=\"{&quot;_ha_eqh_enable&quot;:false}\">\n\t\t\t\t<div class=\"elementor-element elementor-element-605a029 elementor-widget elementor-widget-text-editor\" data-id=\"605a029\" data-element_type=\"widget\" data-e-type=\"widget\" data-widget_type=\"text-editor.default\">\n\t\t\t\t<div class=\"elementor-widget-container\">\n\t\t\t\t\t\t\t\t\t<p><strong>In 2021<\/strong>, it is the great jubilee of Faith and Light throughout the whole world on the theme: &#8220;A treasure to share&#8221;. We have accumulated so many treasures during this 50 years journey that we really must consider sharing it. We have to make known the secret of our joy, the spring from which we draw our energy. For this, we are going to call, call and call again. There are so many families who are still too isolated and who are waiting for us to bring them out of their isolation. Joining a Faith and Light community does so much good, lives are transformed! And after this jubilee, we will carry on tirelessly.<\/p><ul><li><strong><a href=\"https:\/\/www.foietlumiere.org\/en\/about-us\/story-of-faith-and-light\" target=\"_blank\" rel=\"noopener\">Little history of Faith and Light illustrated<\/a><\/strong><\/li><li><strong><a href=\"https:\/\/youtu.be\/vhqMRhV0GwE\" target=\"_blank\" rel=\"noopener\">Compilation with banners, photos and greetings from the communities.<\/a><\/strong><\/li><\/ul>\t\t\t\t\t\t\t\t<\/div>\n\t\t\t\t<\/div>\n\t\t\t\t<\/div>\n\t\t\t\t\t<\/div>\n\t\t\t\t<\/div>\n\t\t\t\t<\/div>\n\t\t","protected":false},"excerpt":{"rendered":"<p>Our history Faith and Light was born of a desire to help people with an intellectual disability and their families [&hellip;]<\/p>\n","protected":false},"author":1,"featured_media":0,"parent":0,"menu_order":0,"comment_status":"closed","ping_status":"closed","template":"","meta":{"site-sidebar-layout":"no-sidebar","site-content-layout":"","ast-site-content-layout":"full-width-container","site-content-style":"default","site-sidebar-style":"default","ast-global-header-display":"","ast-banner-title-visibility":"","ast-main-header-display":"","ast-hfb-above-header-display":"","ast-hfb-below-header-display":"","ast-hfb-mobile-header-display":"","site-post-title":"disabled","ast-breadcrumbs-content":"","ast-featured-img":"disabled","footer-sml-layout":"","theme-transparent-header-meta":"default","adv-header-id-meta":"","stick-header-meta":"","header-above-stick-meta":"","header-main-stick-meta":"","header-below-stick-meta":"","astra-migrate-meta-layouts":"set","ast-page-background-enabled":"default","ast-page-background-meta":{"desktop":{"background-color":"var(--ast-global-color-5)","background-image":"","background-repeat":"repeat","background-position":"center center","background-size":"auto","background-attachment":"scroll","background-type":"","background-media":"","overlay-type":"","overlay-color":"","overlay-opacity":"","overlay-gradient":""},"tablet":{"background-color":"","background-image":"","background-repeat":"repeat","background-position":"center center","background-size":"auto","background-attachment":"scroll","background-type":"","background-media":"","overlay-type":"","overlay-color":"","overlay-opacity":"","overlay-gradient":""},"mobile":{"background-color":"","background-image":"","background-repeat":"repeat","background-position":"center center","background-size":"auto","background-attachment":"scroll","background-type":"","background-media":"","overlay-type":"","overlay-color":"","overlay-opacity":"","overlay-gradient":""}},"ast-content-background-meta":{"desktop":{"background-color":"var(--ast-global-color-4)","background-image":"","background-repeat":"repeat","background-position":"center center","background-size":"auto","background-attachment":"scroll","background-type":"","background-media":"","overlay-type":"","overlay-color":"","overlay-opacity":"","overlay-gradient":""},"tablet":{"background-color":"var(--ast-global-color-4)","background-image":"","background-repeat":"repeat","background-position":"center center","background-size":"auto","background-attachment":"scroll","background-type":"","background-media":"","overlay-type":"","overlay-color":"","overlay-opacity":"","overlay-gradient":""},"mobile":{"background-color":"var(--ast-global-color-4)","background-image":"","background-repeat":"repeat","background-position":"center center","background-size":"auto","background-attachment":"scroll","background-type":"","background-media":"","overlay-type":"","overlay-color":"","overlay-opacity":"","overlay-gradient":""}},"footnotes":""},"class_list":["post-205","page","type-page","status-publish","hentry"],"_links":{"self":[{"href":"https:\/\/www.faithandlight.org.za\/stmartins\/wp-json\/wp\/v2\/pages\/205","targetHints":{"allow":["GET"]}}],"collection":[{"href":"https:\/\/www.faithandlight.org.za\/stmartins\/wp-json\/wp\/v2\/pages"}],"about":[{"href":"https:\/\/www.faithandlight.org.za\/stmartins\/wp-json\/wp\/v2\/types\/page"}],"author":[{"embeddable":true,"href":"https:\/\/www.faithandlight.org.za\/stmartins\/wp-json\/wp\/v2\/users\/1"}],"replies":[{"embeddable":true,"href":"https:\/\/www.faithandlight.org.za\/stmartins\/wp-json\/wp\/v2\/comments?post=205"}],"version-history":[{"count":4,"href":"https:\/\/www.faithandlight.org.za\/stmartins\/wp-json\/wp\/v2\/pages\/205\/revisions"}],"predecessor-version":[{"id":211,"href":"https:\/\/www.faithandlight.org.za\/stmartins\/wp-json\/wp\/v2\/pages\/205\/revisions\/211"}],"wp:attachment":[{"href":"https:\/\/www.faithandlight.org.za\/stmartins\/wp-json\/wp\/v2\/media?parent=205"}],"curies":[{"name":"wp","href":"https:\/\/api.w.org\/{rel}","templated":true}]}}